{"id":16191,"date":"2018-10-16T10:21:31","date_gmt":"2018-10-16T13:21:31","guid":{"rendered":"http:\/\/radiofobia.com.br\/podcast\/?page_id=16191"},"modified":"2018-10-16T16:49:24","modified_gmt":"2018-10-16T19:49:24","slug":"apoio","status":"publish","type":"page","link":"https:\/\/radiofobia.com.br\/podcast\/apoio\/","title":{"rendered":"APOIO"},"content":{"rendered":"<p>Voc\u00ea pode colaborar com a produ\u00e7\u00e3o dos podcasts da <strong>R<\/strong><strong>\u00e1diofobia Podcast Network<\/strong> e garantir algumas <strong>recompensas exclusivas<\/strong>!<\/p>\n<p><strong><img decoding=\"async\" class=\" wp-image-16079 alignleft\" src=\"http:\/\/radiofobia.com.br\/podcast\/wp-content\/uploads\/2018\/10\/capa_radiofobia.png\" alt=\"\" width=\"150\" height=\"150\" srcset=\"https:\/\/radiofobia.com.br\/podcast\/wp-content\/uploads\/2018\/10\/capa_radiofobia.png 295w, https:\/\/radiofobia.com.br\/podcast\/wp-content\/uploads\/2018\/10\/capa_radiofobia-150x150.png 150w\" sizes=\"(max-width: 150px) 100vw, 150px\" \/><\/strong><strong>OUVINTE R\u00c1DIOFOBIA<\/strong><\/p>\n<p>Voc\u00ea ouve os podcasts da R\u00e1diofobia de vez em quando, gosta do que ouve e quer ajudar a gente a seguir produzindo programas feLomenais? Poxa, valeu mesmo!<\/p>\n<p>Contribuindo com <strong>R$5 por m\u00eas<\/strong>, voc\u00ea tem seu <strong>nome no post dos epis\u00f3dios do R\u00e1diofobia Podcast<\/strong>, al\u00e9m de ter seu nome lido\u00a0na se\u00e7\u00e3o de recadalhos!<\/p>\n<p>&nbsp;<\/p>\n<p><img decoding=\"async\" class=\"wp-image-16080 alignleft\" src=\"http:\/\/radiofobia.com.br\/podcast\/wp-content\/uploads\/2018\/10\/capa_classics.png\" alt=\"\" width=\"150\" height=\"150\" srcset=\"https:\/\/radiofobia.com.br\/podcast\/wp-content\/uploads\/2018\/10\/capa_classics.png 295w, https:\/\/radiofobia.com.br\/podcast\/wp-content\/uploads\/2018\/10\/capa_classics-150x150.png 150w\" sizes=\"(max-width: 150px) 100vw, 150px\" \/><strong>OUVINTE R\u00c1DIOFOBIA CLASSICS<\/strong><\/p>\n<p>Voc\u00ea curte nosso podcast musical e quer contribuir pra que a gente continue produzindo todo m\u00eas esse podcast com a biografia de grandes nomes da m\u00fasica mundial? Muito obrigado pela audi\u00eancia e pela colabora\u00e7\u00e3o!<\/p>\n<p>Contribuindo com <strong>R$10 por m\u00eas<\/strong>, voc\u00ea tem seu <strong>nome nos posts dos epis\u00f3dios do R\u00e1diofobia Classics<\/strong>, al\u00e9m de ter seu nome lido no programa e tamb\u00e9m ter acesso ao <strong>grupo exclusivo do R\u00e1diofobia Classics no Telegram<\/strong>, onde poder\u00e1 dar sugest\u00f5es de pauta, receber dicas musicais do Leo Lopes e interagir com outros ouvintes!<\/p>\n<p>&nbsp;<\/p>\n<p><strong><img decoding=\"async\" class=\" wp-image-16081 alignleft\" src=\"http:\/\/radiofobia.com.br\/podcast\/wp-content\/uploads\/2018\/10\/capa_alotenica.png\" alt=\"\" width=\"150\" height=\"150\" srcset=\"https:\/\/radiofobia.com.br\/podcast\/wp-content\/uploads\/2018\/10\/capa_alotenica.png 295w, https:\/\/radiofobia.com.br\/podcast\/wp-content\/uploads\/2018\/10\/capa_alotenica-150x150.png 150w\" sizes=\"(max-width: 150px) 100vw, 150px\" \/>OUVINTE AL\u00d4 T\u00c9NICA!<\/strong><\/p>\n<p>Contribuindo com <strong>R$15 por m\u00eas<\/strong>, al\u00e9m de contribuir para que nosso podcast sobre produ\u00e7\u00e3o de podcasts continue existindo, voc\u00ea tem seu <strong>nome nos posts dos epis\u00f3dios do Al\u00f4 T\u00e9nica<\/strong>, al\u00e9m de ter seu nome lido no programa e tamb\u00e9m ter acesso ao <strong>grupo exclusivo\u00a0de apoiadores no Facebook e no Telegram<\/strong>, onde poder\u00e1 tirar d\u00favidas diretamente com o Leo Lopes e interagir com outros ouvintes e produtores de podcast!<\/p>\n<p>&nbsp;<\/p>\n<p>Muito obrigado pelo seu <strong>download<\/strong>, pela sua <strong>audi\u00eancia<\/strong> e pelo seu <strong>apoio<\/strong>!<\/p>\n","protected":false},"excerpt":{"rendered":"<p>Voc\u00ea pode colaborar com a produ\u00e7\u00e3o dos podcasts da R\u00e1diofobia Podcast Network e garantir algumas recompensas exclusivas! OUVINTE R\u00c1DIOFOBIA Voc\u00ea ouve os podcasts da R\u00e1diofobia de vez em quando, gosta do que ouve e quer ajudar a gente a seguir produzindo programas feLomenais? Poxa, valeu mesmo! Contribuindo com R$5 por m\u00eas, voc\u00ea tem seu nome&#8230;<\/p>\n","protected":false},"author":2,"featured_media":0,"parent":0,"menu_order":0,"comment_status":"closed","ping_status":"closed","template":"","meta":{"footnotes":""},"class_list":["post-16191","page","type-page","status-publish","hentry"],"_links":{"self":[{"href":"https:\/\/radiofobia.com.br\/podcast\/wp-json\/wp\/v2\/pages\/16191","targetHints":{"allow":["GET"]}}],"collection":[{"href":"https:\/\/radiofobia.com.br\/podcast\/wp-json\/wp\/v2\/pages"}],"about":[{"href":"https:\/\/radiofobia.com.br\/podcast\/wp-json\/wp\/v2\/types\/page"}],"author":[{"embeddable":true,"href":"https:\/\/radiofobia.com.br\/podcast\/wp-json\/wp\/v2\/users\/2"}],"replies":[{"embeddable":true,"href":"https:\/\/radiofobia.com.br\/podcast\/wp-json\/wp\/v2\/comments?post=16191"}],"version-history":[{"count":2,"href":"https:\/\/radiofobia.com.br\/podcast\/wp-json\/wp\/v2\/pages\/16191\/revisions"}],"predecessor-version":[{"id":16197,"href":"https:\/\/radiofobia.com.br\/podcast\/wp-json\/wp\/v2\/pages\/16191\/revisions\/16197"}],"wp:attachment":[{"href":"https:\/\/radiofobia.com.br\/podcast\/wp-json\/wp\/v2\/media?parent=16191"}],"curies":[{"name":"wp","href":"https:\/\/api.w.org\/{rel}","templated":true}]}}