{"id":2229,"date":"2011-04-17T22:52:16","date_gmt":"2011-04-18T01:52:16","guid":{"rendered":"http:\/\/radiofobia.com.br\/?page_id=2229"},"modified":"2023-12-12T14:49:27","modified_gmt":"2023-12-12T17:49:27","slug":"midia-kit","status":"publish","type":"page","link":"https:\/\/radiofobia.com.br\/podcast\/midia-kit\/","title":{"rendered":"M\u00cdDIA KIT"},"content":{"rendered":"<p>Para <strong>anunciar na R\u00e1diofobia Podcast Network<\/strong>, fa\u00e7a o download do nosso <strong>M\u00eddia Kit<\/strong> e entre em contato conosco para alinharmos a melhor forma de divulgar sua empresa, campanha, produtos ou servi\u00e7os nos nossos podcasts!<\/p>\n<p><img fetchpriority=\"high\" decoding=\"async\" class=\"wp-image-28796 size-full aligncenter\" src=\"https:\/\/radiofobia.com.br\/podcast\/wp-content\/uploads\/2023\/12\/Captura-de-tela-2023-12-12-144528.png\" alt=\"\" width=\"1041\" height=\"585\" srcset=\"https:\/\/radiofobia.com.br\/podcast\/wp-content\/uploads\/2023\/12\/Captura-de-tela-2023-12-12-144528.png 1041w, https:\/\/radiofobia.com.br\/podcast\/wp-content\/uploads\/2023\/12\/Captura-de-tela-2023-12-12-144528-300x169.png 300w, https:\/\/radiofobia.com.br\/podcast\/wp-content\/uploads\/2023\/12\/Captura-de-tela-2023-12-12-144528-150x84.png 150w, https:\/\/radiofobia.com.br\/podcast\/wp-content\/uploads\/2023\/12\/Captura-de-tela-2023-12-12-144528-768x432.png 768w, https:\/\/radiofobia.com.br\/podcast\/wp-content\/uploads\/2023\/12\/Captura-de-tela-2023-12-12-144528-350x197.png 350w, https:\/\/radiofobia.com.br\/podcast\/wp-content\/uploads\/2023\/12\/Captura-de-tela-2023-12-12-144528-800x450.png 800w, https:\/\/radiofobia.com.br\/podcast\/wp-content\/uploads\/2023\/12\/Captura-de-tela-2023-12-12-144528-400x225.png 400w\" sizes=\"(max-width: 1041px) 100vw, 1041px\" \/><\/p>\n<p>&nbsp;<\/p>\n<p>&#8211; <a href=\"https:\/\/www.dropbox.com\/scl\/fi\/t10hab2y16si17hguhz1f\/radiofobia_podcast_network_midia-kit_abr_2024.pdf?rlkey=uxxuova9z3a5v18y0vk2txz20&amp;dl=0\" target=\"_blank\" rel=\"noopener noreferrer\">Download do M\u00eddia Kit em formato PDF<\/a><\/p>\n","protected":false},"excerpt":{"rendered":"<p>Para anunciar na R\u00e1diofobia Podcast Network, fa\u00e7a o download do nosso M\u00eddia Kit e entre em contato conosco para alinharmos a melhor forma de divulgar sua empresa, campanha, produtos ou servi\u00e7os nos nossos podcasts! &nbsp; &#8211; Download do M\u00eddia Kit em formato PDF<\/p>\n","protected":false},"author":2,"featured_media":0,"parent":0,"menu_order":6,"comment_status":"closed","ping_status":"closed","template":"","meta":{"footnotes":""},"class_list":["post-2229","page","type-page","status-publish","hentry"],"_links":{"self":[{"href":"https:\/\/radiofobia.com.br\/podcast\/wp-json\/wp\/v2\/pages\/2229","targetHints":{"allow":["GET"]}}],"collection":[{"href":"https:\/\/radiofobia.com.br\/podcast\/wp-json\/wp\/v2\/pages"}],"about":[{"href":"https:\/\/radiofobia.com.br\/podcast\/wp-json\/wp\/v2\/types\/page"}],"author":[{"embeddable":true,"href":"https:\/\/radiofobia.com.br\/podcast\/wp-json\/wp\/v2\/users\/2"}],"replies":[{"embeddable":true,"href":"https:\/\/radiofobia.com.br\/podcast\/wp-json\/wp\/v2\/comments?post=2229"}],"version-history":[{"count":9,"href":"https:\/\/radiofobia.com.br\/podcast\/wp-json\/wp\/v2\/pages\/2229\/revisions"}],"predecessor-version":[{"id":28795,"href":"https:\/\/radiofobia.com.br\/podcast\/wp-json\/wp\/v2\/pages\/2229\/revisions\/28795"}],"wp:attachment":[{"href":"https:\/\/radiofobia.com.br\/podcast\/wp-json\/wp\/v2\/media?parent=2229"}],"curies":[{"name":"wp","href":"https:\/\/api.w.org\/{rel}","templated":true}]}}